 6, what is -120 - -332321413?
332321253
In base 11, what is 137102 + 29a?
1373a1
In base 3, what is -2000 - 2000011001022?
-2000011010022
In base 15, what is 924 + -936b?
-8947
In base 12, what is -20610 - 106?
-20716
In base 7, what is -23 - -221614323?
221614300
In base 13, what is -4 - -214a2b6?
214a2b2
In base 12, what is -9209 - 2274?
-b481
In base 11, what is -1125 - a33a3?
-a4518
In base 8, what is 14 + 44001601?
44001615
In base 9, what is 3370030 + 117?
3370147
In base 15, what is 7b - -425c3e?
425cba
In base 5, what is 300204124130 - 3?
300204124122
In base 15, what is 72cbb - 5a?
72c61
In base 2, what is 101000 + 1001100110010111101?
1001100110011100101
In base 4, what is -2321323 + -3103223?
-12031212
In base 3, what is 1212211212201110 - 21?
1212211212201012
In base 15, what is -37b393 - -1?
-37b392
In base 7, what is 11516 - -24335?
36154
In base 12, what is -4 - 387800b?
-3878013
In base 5, what is -303121420 + 10?
-303121410
In base 5, what is 22020 - -2210142?
2232212
In base 8, what is 10 - -77005517?
77005527
In base 7, what is 3 - -1240462231?
1240462234
In base 16, what is ef13cc - -5?
ef13d1
In base 11, what is 2aa36 - -49?
2aa84
In base 9, what is 4487 + -272113?
-266515
In base 6, what is -1401400 - 233?
-1402033
In base 15, what is 1 - -3315eb?
3315ec
In base 10, what is 189072224 - 4?
189072220
In base 11, what is -2025 - -a49?
-1087
In base 6, what is 1501355 + -14114?
1443241
In base 10, what is -3177 + 2323?
-854
In base 15, what is -2 + -1d0a99d?
-1d0a9a0
In base 9, what is -1248430 + 51?
-1248368
In base 5, what is 2231402 - -10032?
2241434
In base 9, what is -267 - -18622?
18344
In base 2, what is 1000010101101011101111110001 - -100?
1000010101101011101111110101
In base 10, what is 1 + 31935219?
31935220
In base 15, what is -4 - 2a2cc3?
-2a2cc7
In base 7, what is -52061 - -2413?
-46345
In base 9, what is 282132 - -3072?
285214
In base 11, what is 4 + 3062925?
3062929
In base 16, what is -7cbe691 - 5?
-7cbe696
In base 10, what is -2412 + -2814?
-5226
In base 14, what is -16 + 2469b2b?
2469b15
In base 8, what is -143634 - 45?
-143701
In base 8, what is 626 + 154720?
155546
In base 9, what is 0 + 43085310?
43085310
In base 8, what is -2305 - -5556?
3251
In base 9, what is 824 - -38632?
40556
In base 9, what is 101514424 + 1?
101514425
In base 9, what is 2184 - -1753?
4047
In base 5, what is -2233 - -1204201?
1201413
In base 16, what is 1505a + 25?
1507f
In base 14, what is 1092147c - -2?
10921480
In base 7, what is -26345405 + -1?
-26345406
In base 16, what is -28a04 - a8f?
-29493
In base 8, what is 464531527 - -2?
464531531
In base 6, what is 201255 - 105520?
51335
In base 11, what is 15 + -3650113?
-36500a9
In base 12, what is 108 - -22b78?
23084
In base 4, what is 200113123 + -2333?
200110130
In base 9, what is -2 - -1320854?
1320852
In base 7, what is 6 + 3404565?
3404604
In base 2, what is -1011010110010001 - -1010000011?
-1011001100001110
In base 11, what is 162417 - -354?
162770
In base 8, what is 4002 - -45432?
51434
In base 14, what is -7d4cc + 1a9?
-7d323
In base 14, what is 0 - 7177da9?
-7177da9
In base 9, what is 53401404 + 58?
53401463
In base 8, what is 155606432 + 0?
155606432
In base 16, what is -3b + 4f1b5?
4f17a
In base 2, what is -11110100011011 + -10001101?
-11110110101000
In base 7, what is 35 - 26400510?
-26400442
In base 5, what is 20213043212 - 21?
20213043141
In base 12, what is 5 + 59177b?
591784
In base 9, what is -12 - -583378?
583366
In base 9, what is 625326 + -236?
625080
In base 13, what is -24a67 + 4124?
-20943
In base 9, what is 1 + -5523388?
-5523387
In base 8, what is 121206737 + 41?
121207000
In base 10, what is 325962 - 1?
325961
In base 11, what is -35967 + -59?
-35a15
In base 6, what is 2 - -14113051?
14113053
In base 3, what is 211100220212 - 222?
211100212220
In base 2, what is 1110110111101001011110 - 10101101?
1110110111100110110001
In base 10, what is 50223763 + 0?
50223763
In base 13, what is 39a + 1b2855?
1b2c22
In base 12, what is 29b21697 - -3?
29b2169a
In base 7, what is 1 - 6562150?
-6562146
In base 3, what is 1122120112122000 - 20?
1122120112121210
In base 8, what is -10455 - -351?
-10104
In base 3, what is 20112010212211221 - -10?
20112010212212001
In base 12, what is -30774 - 50?
-30804
In base 14, what is 380 - a0?
2c0
In base 2, what is -11 - -1000001110011001101011101111?
1000001110011001101011101100
In base 14, what is -b8 + 13255?
1317b
In base 6, what is -302 - -2335203?
2334501
In base 2, what is -110010011001111010001011 + -100?
-110010011001111010001111
In base 7, what is -21212 + 3451?
-14431
In base 10, what is -117143 - 534?
-117677
In base 8, what is -647377 - -41?
-647336
In base 12, what is 0 - -4743a4?
4743a4
In base 7, what is -40251 + 2262?
-34656
In base 11, what is -498500 + -3?
-498503
In base 7, what is -13 - 2200224?
-2200240
In base 13, what is 0 + 416172?
416172
In base 12, what is -6b612a40 - 3?
-6b612a43
In base 8, what is -663331 + 111?
-663220
In base 15, what is -d - 8275567?
-8275575
In base 10, what is 173098737 + -6?
173098731
In base 14, what is 1325 + 445?
176a
In base 12, what is -3b43 + a5b?
-30a4
In base 13, what is -581aa65 - 1?
-581aa66
In base 15, what is 4a5c + -8ac4?
-4067
In base 16, what is 1 + -62afed?
-62afec
In base 12, what is -194a823b + 1?
-194a823a
In base 13, what is 248 - 88a4?
-8659
In base 5, what is 111320 - -2201?
114021
In base 2, what is 1111 - -1100011111101110001010?
1100011111101110011001
In base 11, what is -748 + -535848?
-536495
In base 11, what is 4 + -644938a?
-6449386
In base 8, what is 15301 + 134671?
152172
In base 8, what is 331 - -111362?
111713
In base 7, what is -3 + -10413334?
-10413340
In base 15, what is 7 - -e655809?
e655811
In base 10, what is -1253705 + 80?
-1253625
In base 5, what is -1114 - -120111341?
120110222
In base 5, what is -2123023321 + 314?
-2123023002
In base 12, what is 1335a96 + 0?
1335a96
In base 2, what is -11101110001111011 + 10000110?
-11101101111110101
In base 2, what is 100100101110001011 - 10000?
100100101101111011
In base 12, what is -879752 - -11?
-879741
In base 2, what is -11 + 100111111001001101111010101?
100111111001001101111010010
In base 9, what is 426 + -1114454?
-1114027
In base 16, what is 4cb - 2be?
20d
In base 9, what is 16142 + -18622?
-2470
In base 11, what is 24a0 - -64a?
303a
In base 11, what is 15658633 - -2?
15658635
In base 15, what is -39 - ce81?
-ceba
In base 16, what is 6a0c4 + -2?
6a0c2
In base 8, what is -1 - -3643461?
3643460
In base 3, what is 0 - 12122121020020221?
-12122121020020221
In base 16, what is 4 - -12b8af?
12b8b3
In base 5, what is 120403 + -34041?
31312
In base 15, what is -2cea1 - -50?
-2ce51
In base 9, what is 12284 + 308?
12603
In base 3, what is 22 + -2111200111?
-2111200012
In base 5, what is 3 - 233033430?
-233033422
In base 13, what is 3 - -275355c?
2753562
In base 16, what is -106d6 - 131?
-10807
In base 10, what is 555 + 228?
783
In base 14, what is -abc7199 - 4?
-abc719d
In base 2, what is 100101110001110 + -10100001110111000?
-1111100000101010
In base 8, what is -7 + -227071142?
-227071151
In base 8, what is -14 + 12103524?
12103510
In base 5, what is 1101001001 + 112?
1101001113
In base 15, what is -306557 + -2?
-306559
In base 15, what is -7 + -75d3?
-75da
In base 5, what is -203 - 134214243?
-134220001
In base 14, what is -4ab722d - 1?
-4ab7230
In base 11, what is -18576a07 - 0?
-18576a07
In base 9, what is 11 + -1368858?
-1368847
In base 10, what is 4 + -1516959?
-1516955
In base 3, what is 102 - -10011111212110211?
10011111212111020
In base 8, what is -13424 + 1535?
-11667
In base 16, what is -17ff81 - 9?
-17ff8a
In base 9, what is 52 + 144635?
144687
In base 11, what is 68 + -4287?
-421a
In base 9, what is 1 + -1365186?
-1365185
In base 13, what is 2c2 - -b5a9?
b89b
In base 8, what is -6373 - -15050?
6455
In base 6, what is -3 - 153343034?
-153343041
In base 7, what is 0 + 12626536202?
12626536202
In base 12, what is -24ab53 + -445?
-24b398
In base 13, what is 315422 - -2?
315424
In base 3, what is 11211 + 100210010212?
100210022200
In base 8, what is -5370105 + -33?
-5370140
In base 12, what is -167433 - 665?
-167a98
In base 9, what is -2564081766 - -4?
-2564081762
In base 8, what is -102332453 + 0?
